{"id":988088,"date":"2021-02-02T01:44:52","date_gmt":"2021-02-01T23:44:52","guid":{"rendered":"http:\/\/zd-piran.si\/?page_id=988088"},"modified":"2021-02-02T02:23:44","modified_gmt":"2021-02-02T00:23:44","slug":"nmp","status":"publish","type":"page","link":"https:\/\/zd-piran.si\/index.php\/nmp\/","title":{"rendered":"NMP"},"content":{"rendered":"<div class=\"wpv-accordion-wrapper wpv-accordion-1\"><style scoped>.wpv-accordion-1 .tab .inner { background-color: #3695EB; color: #ffffff; }<\/style><ul class=\"wpv-accordion\" data-collapsible=\"1\"><li class=\"pane-wrapper\" style=\"\">\n\t\t\t\t\t<h4 class=\"tab\"><span class=\"inner\">SLU\u017dBA NUJNE MEDICINSKE POMO\u010cI \u2013 NMP<\/span><\/h4>\n\t\t\t\t\t<div class=\"pane\"><div class=\"inner\"><p><span class=\"fontstyle4\">Slu\u017eba NMP <\/span><span class=\"fontstyle5\">je zagotovljena v zdravstvenih domovih posameznih ob\u010din (ZD Izola,<br \/>\nZD Koper in ZD Piran) od ponedeljka do petka od 7:00 do 20:00. Pono\u010di in ob dela<br \/>\nprostih dnevih kadar so zdravstveni domovi zaprti izvajamo NMP v sklopu CUS<br \/>\n(Centralne Urgentne Slu\u017ebe) v pritli\u010dju Splo\u0161ne Bolni\u0161nice Izola.<\/span><\/div><\/div>\n\t\t\t\t\t<\/li><li class=\"pane-wrapper\" style=\"\">\n\t\t\t\t\t<h4 class=\"tab\"><span class=\"inner\">CENTRALNA URGENTNA SLU\u017dBA &#8211; CUS<\/span><\/h4>\n\t\t\t\t\t<div class=\"pane\"><div class=\"inner\"><p><span class=\"fontstyle5\">CUS je organizirana oblika slu\u017ebe nujne medicinske pomo\u010di (<\/span><strong><span class=\"fontstyle4\">NMP<\/span><\/strong><span class=\"fontstyle5\">), ki deluje v<br \/>\n<\/span><span class=\"fontstyle4\">\u010dasu de\u017eurstva<\/span><span class=\"fontstyle5\">, ko so vsi trije zdravstveni domovi na Obali <\/span><strong><span class=\"fontstyle4\">zaprti<\/span><\/strong><span class=\"fontstyle5\">. CUS deluje v<br \/>\nno\u010dnem \u010dasu med 20:00 in 07:00 ter ob sobotah, nedeljah in praznikih. CUS je<br \/>\nnamenjena zagotavljanju NMP:<br \/>\n<\/span><em><span class=\"fontstyle6\">&#8211; <\/span><span class=\"fontstyle5\">osebi, ki <\/span><span class=\"fontstyle4\">ne ka\u017ee znakov \u017eivljenja<\/span><span class=\"fontstyle5\">, je v nezavesti oz. se ne odziva ali te\u017eko diha,<br \/>\n<\/span><span class=\"fontstyle6\">&#8211; <\/span><span class=\"fontstyle5\">osebi, ki je zaradi bolezni ali po\u0161kodbe <\/span><span class=\"fontstyle4\">neposredno \u017eivljenjsko ogro\u017eena<\/span><span class=\"fontstyle5\">,<br \/>\n<\/span><span class=\"fontstyle6\">&#8211; <\/span><span class=\"fontstyle5\">osebi pri kateri bi zaradi nenadnega poslab\u0161anja bolezni lahko <\/span><span class=\"fontstyle4\">v kratkem<br \/>\n\u010dasu pri\u0161lo do \u017eivljenjske ogro\u017eenosti<\/span><span class=\"fontstyle5\">,<br \/>\n<\/span><span class=\"fontstyle6\">&#8211; <\/span><\/em><span class=\"fontstyle5\"><em>ter ob ve\u010djih nesre\u010dah in katastrofah.<\/em><br \/>\n<\/span><span class=\"fontstyle0\"><strong>V \u010dasu de\u017eurstva se CUS izvaja:<\/strong><br \/>\n<\/span><em><span class=\"fontstyle6\">&#8211; <\/span><strong><span class=\"fontstyle4\">v ambulanti <\/span><\/strong><span class=\"fontstyle5\">nujne medicinske pomo\u010di v Splo\u0161ni Bolni\u0161nici Izola,<br \/>\n<\/span><span class=\"fontstyle6\">&#8211; <\/span><strong><span class=\"fontstyle4\">na terenu in na domu <\/span><\/strong><\/em><span class=\"fontstyle5\"><em>z izvozom ekipe NMP v primeru nujnega stanja.<\/em><br \/>\n<\/span><span class=\"fontstyle0\"><strong>CUS se nahaja:<\/strong><br \/>\n<\/span><span class=\"fontstyle6\">&#8211; <\/span><span class=\"fontstyle5\">v pritli\u010dju Splo\u0161ne Bolni\u0161nice Izola, na koncu hodnika B,<br \/>\n<\/span><span class=\"fontstyle6\">&#8211; <\/span><span class=\"fontstyle5\">pono\u010di ob delavnikih (od 20:00 do 7:00) in<br \/>\n<\/span><span class=\"fontstyle6\">&#8211; <\/span><span class=\"fontstyle5\">ob dela prostih dnevih (sobota, nedelja in prazniki 24 ur\/dan)<br \/>\n<\/span><span class=\"fontstyle0\"><strong>Pediater na CUS se nahaja:<\/strong><br \/>\n<\/span><span class=\"fontstyle6\">&#8211; <\/span><span class=\"fontstyle5\">v pritli\u010dju Splo\u0161ne Bolni\u0161nice Izola, na za\u010detku hodnika B samo ob dela prostih<br \/>\ndnevih (sob., ned. in prazniki) od 8:00 do 18:00. V preostalem \u010dasu bodo<br \/>\nnujni pediatri\u010dni primeri obravnavani v splo\u0161ni ambulanti CUS.<\/span><\/p>\n<p><span class=\"fontstyle5\">\u00a0<\/span><\/div><\/div>\n\t\t\t\t\t<\/li><li class=\"pane-wrapper\" style=\"\">\n\t\t\t\t\t<h4 class=\"tab\"><span class=\"inner\">Telefonske \u0161tevilke zdravstvenih domov<\/span><\/h4>\n\t\t\t\t\t<div class=\"pane\"><div class=\"inner\"><p><span class=\"fontstyle5\">Zdravstveni dom\u00a0 IZOLA: <\/span><span class=\"fontstyle5\">05 6635 000<br \/>\n<\/span><span class=\"fontstyle5\">Zdravstveni dom\u00a0KOPER: <\/span><span class=\"fontstyle5\">05 6647 100<br \/>\n<\/span><span class=\"fontstyle5\">Zdravstveni dom\u00a0PIRAN: <\/span><span class=\"fontstyle5\">05 6773 320<\/span><\/div><\/div>\n\t\t\t\t\t<\/li><li class=\"pane-wrapper\" style=\"\">\n\t\t\t\t\t<h4 class=\"tab\"><span class=\"inner\">Stanja, ki ne sodijo med nujna in \u017eivljensko ogro\u017eujo\u010da<\/span><\/h4>\n\t\t\t\t\t<div class=\"pane\"><div class=\"inner\"><p><em><span class=\"fontstyle7\">&#8211; <\/span><span class=\"fontstyle5\">Prehladna in gripozna obolenja.<br \/>\n<\/span><span class=\"fontstyle7\">&#8211; <\/span><span class=\"fontstyle5\">Povi\u0161ana tel. temperatura, ki traja manj kot 3-5 dni, ob tem pacient ni prizadet.<br \/>\n<\/span><span class=\"fontstyle7\">&#8211; <\/span><span class=\"fontstyle5\">Bole\u010dina v u\u0161esih brez visoke tel. temperature in brez izcedka iz sluhovoda.<br \/>\n<\/span><span class=\"fontstyle7\">&#8211; <\/span><span class=\"fontstyle5\">Bole\u010dina v \u017erelu brez visoke tel. temperature, brez te\u017ekega dihanja ali prizadetosti.<br \/>\n<\/span><span class=\"fontstyle7\">&#8211; <\/span><span class=\"fontstyle5\">Blago pordele o\u010di brez motenj vida zaradi izpostavljenosti soncu, vetru.<br \/>\n<\/span><span class=\"fontstyle7\">&#8211; <\/span><span class=\"fontstyle5\">Bole\u010dine v mi\u0161icah in sklepih, brez povi\u0161ane tel. temperature in oslabelosti.<br \/>\n<\/span><span class=\"fontstyle7\">&#8211; <\/span><span class=\"fontstyle5\">Bole\u010dine v kri\u017eu brez povi\u0161ane tel. temperature, ob\u010dutka peko\u010dega \/ pogostega<br \/>\nuriniranja ali omrtvelosti in ob\u010dutka zbadanja oz. oslabelosti spodnjih okon\u010din.<br \/>\n<\/span><span class=\"fontstyle7\">&#8211; <\/span><span class=\"fontstyle5\">Izolirane bole\u010dine vratnih in ramenskih mi\u0161ic zaradi prepiha, fizi\u010dnega napora,<br \/>\nnapa\u010dne dr\u017ee telesa ter le\u017eanja, ki se ob premikanju glave \/ vratu \/ ramena<br \/>\npoostrijo in so ob\u010dutljive.<br \/>\n<\/span><span class=\"fontstyle7\">&#8211; <\/span><span class=\"fontstyle5\">Odstranjevanje klopa in izpiranje u\u0161esa (sluhovoda).<br \/>\n<\/span><span class=\"fontstyle7\">&#8211; <\/span><span class=\"fontstyle5\">Predpis postkoitalne kontracepcije in cepljenje.<br \/>\n<\/span><span class=\"fontstyle7\">&#8211; <\/span><span class=\"fontstyle5\">Stare po\u0161kodbe brez zapletov.<br \/>\n<\/span><span class=\"fontstyle7\">&#8211; <\/span><span class=\"fontstyle5\">Blage udarnine in rane, ki ne segajo globlje od podko\u017eja.<br \/>\n<\/span><span class=\"fontstyle7\">&#8211; <\/span><span class=\"fontstyle5\">Piki \u017eu\u017eelk in komarjev z blago lokalno ko\u017eno reakcijo in oteklino.<br \/>\n<\/span><span class=\"fontstyle7\">&#8211; <\/span><\/em><span class=\"fontstyle5\"><em>Zara\u0161\u010den noht, glivi\u010dna oku\u017eba stopal in obnohtja, \u017eulji, oti\u0161\u010danci in podobno.<\/em><\/span><\/div><\/div>\n\t\t\t\t\t<\/li><li class=\"pane-wrapper\" style=\"\">\n\t\t\t\t\t<h4 class=\"tab\"><span class=\"inner\"> NMP in de\u017eurna ambulanta CUS nista namenjeni<\/span><\/h4>\n\t\t\t\t\t<div class=\"pane\"><div class=\"inner\"><p><em><span class=\"fontstyle7\">&#8211; <\/span><span class=\"fontstyle5\">Predpisovanju zdravil, ki jih redno jemljete<br \/>\n<\/span><span class=\"fontstyle7\">&#8211; <\/span><\/em><span class=\"fontstyle5\"><em>Izdaji napotnic za naro\u010dene preglede<\/em><\/span><\/p>\n<p><span class=\"fontstyle0\">Ob vseh opisanih nenujnih stanjih <\/span><span class=\"fontstyle5\">se je treba obrniti na <\/span><span class=\"fontstyle0\">osebnega zdravnika<br \/>\n<\/span><span class=\"fontstyle5\">ali zdravnika, ki ga nadome\u0161\u010da. Osebni zdravnik vas najbolje pozna, ima vpogled v<br \/>\nva\u0161o zdrav. dokumentacijo in pristojnosti, da vas zdravi in usmerja pri zdravljenju.<br \/>\nGlede na navedeno Vas vljudno prosimo, da <\/span><span class=\"fontstyle4\">NMP <\/span><span class=\"fontstyle5\">in <\/span><span class=\"fontstyle4\">CUS <\/span><span class=\"fontstyle5\">ne obremenjujete po<br \/>\nnepotrebnem in tako omogo\u010dite hudo obolelim in po\u0161kodovanim, da so hitro in<br \/>\nkvalitetno oskrbljeni. S pozitivnim prizadevanjem boste na ta na\u010din tudi vi izkazali<br \/>\nsolidarnost do bolj nujnih in hudo prizadetih pacientov. Le z va\u0161im sodelovanjem bo<br \/>\nzdravstvena obravnava uspe\u0161nej\u0161a, strokovnej\u0161a in hitrej\u0161a.<\/span><\/div><\/div>\n\t\t\t\t\t<\/li><li class=\"pane-wrapper\" style=\"\">\n\t\t\t\t\t<h4 class=\"tab\"><span class=\"inner\">Kaj \u010de ne vem ali je moje stanje nujno?<\/span><\/h4>\n\t\t\t\t\t<div class=\"pane\"><div class=\"inner\"><p><span class=\"fontstyle5\">\u010ce ste negotovi glede prihoda v de\u017eurno ambulanto ali ste negotovi glede potrebe<br \/>\npo nujnem obisku zdravnika na terenu \/ doma, se lahko predhodno posvetujete z<br \/>\nurgentnim oz. de\u017eurnim zdravnikom na tel. \u0161tevilko va\u0161ega zdravstvenega doma.<\/span><\/div><\/div>\n\t\t\t\t\t<\/li><li class=\"pane-wrapper\" style=\"\">\n\t\t\t\t\t<h4 class=\"tab\"><span class=\"inner\">In, \u010de vseeno \u017eelim pregled v ambulanti NMP oz. pregled v CUS?<\/span><\/h4>\n\t\t\t\t\t<div class=\"pane\"><div class=\"inner\"><p><span class=\"fontstyle5\">\u010ce zahtevate pregled v NMP va\u0161ega zdravstvenega doma ob delavnikih podnevi oz.<br \/>\nv de\u017eurni ambulanti CUS v \u010dasu de\u017eurstva, ali hi\u0161ni obisk za zdravstveno stanje, za<br \/>\nkaterega zdravnik presodi, da ni bilo \u017eivljenjsko ogro\u017eajo\u010de in ni bilo potrebno<br \/>\nnujno zdravljenje, se taka storitev zavede kot <\/span><span class=\"fontstyle4\">samopla\u010dni\u0161ka<\/span><span class=\"fontstyle5\">. Tudi zdravila, ki<br \/>\nvam jih nujni in de\u017eurni zdravnik v takem primeru predpi\u0161e, se izdajajo na beli<br \/>\nrecept in <\/span><span class=\"fontstyle4\">jih pla\u010date sami<\/span><span class=\"fontstyle5\">. V primeru nujnega stanja, storitve niso pla\u010dljive!<\/span><\/div><\/div>\n\t\t\t\t\t<\/li><li class=\"pane-wrapper\" style=\"\">\n\t\t\t\t\t<h4 class=\"tab\"><span class=\"inner\">Kdaj je potrebno storitev pla\u010dati ali dopla\u010dati?<\/span><\/h4>\n\t\t\t\t\t<div class=\"pane\"><div class=\"inner\"><p><span class=\"fontstyle5\">Na podlagi Pravil ZZZS ste za zdravstvene storitve dol\u017eni pla\u010dati:<br \/>\n<\/span><span class=\"fontstyle7\">&#8211; <\/span><span class=\"fontstyle5\">\u010ce v de\u017eurni slu\u017ebi uveljavite storitve, ki niso nujne<br \/>\n<\/span><span class=\"fontstyle7\">&#8211; <\/span><span class=\"fontstyle5\">\u010ce uveljavljate storitve, ki niso nujne pri zdravniku, ki ni va\u0161 osebni zdravnik<br \/>\n<\/span><span class=\"fontstyle7\">&#8211; <\/span><span class=\"fontstyle5\">\u010ce nimate urejeno zdravstveno zavarovanje<\/span><\/div><\/div>\n\t\t\t\t\t<\/li><li class=\"pane-wrapper\" style=\"\">\n\t\t\t\t\t<h4 class=\"tab\"><span class=\"inner\">Otrok je zbolel. Ali je nujno?<\/span><\/h4>\n\t\t\t\t\t<div class=\"pane\"><div class=\"inner\"><p><span class=\"fontstyle5\">Spo\u0161tovani star\u0161i \/ skrbniki; ve\u010dina obolenj pri otrocih poteka brez zapletov! Ni<br \/>\nrazloga, da bi neprizadetega otroka, samo zaradi vro\u010dine ali zaradi bole\u010din v u\u0161esu<br \/>\nali v \u017erelu, sredi no\u010di pripeljali do de\u017eurnega zdravnika. \u010ce otrok dobro prena\u0161a<br \/>\nblago povi\u0161ano telesno temperaturo te ni potrebno zni\u017eevati. Do obiska pediatra<br \/>\nnaslednjega jutra lahko otroku pomagate s splo\u0161nimi ukrepi (u\u017eivanje teko\u010dine in<br \/>\nve\u010dkratno hlajenje z mla\u010dnimi obkladki). Uporabite lahko tudi zdravila za zni\u017eanje<br \/>\npovi\u0161ane telesne temperature in protibole\u010dinska zdravila na podlagi Paracetamola v<br \/>\nobliki sirupa ali sve\u010dk, ki so na voljo brez recepta.<br \/>\n<\/span><span class=\"fontstyle5\">De\u017eurno ambulanto CUS obi\u0161\u010demo kadar je otrok hudo bolan, prizadet oz. ka\u017ee<br \/>\nznake, ki bi lahko v kratkem \u010dasu privedle do poslab\u0161anja. Ti znaki so<br \/>\nnajpogosteje:<br \/>\n<\/span><span class=\"fontstyle7\">&#8211; <\/span><span class=\"fontstyle5\">motnje zavesti ali neutola\u017eljiv jok,<br \/>\n<\/span><span class=\"fontstyle7\">&#8211; <\/span><span class=\"fontstyle5\">visoka vro\u010dina, ki jo ne moremo zni\u017eati z zgoraj opisanimi splo\u0161nimi ukrepi,<br \/>\n<\/span><span class=\"fontstyle7\">&#8211; <\/span><span class=\"fontstyle5\">pogosto bruhanje in pogosto odvajanje teko\u010dega <\/span><span class=\"fontstyle5\">blata ob nezadostnem u\u017eivanju<br \/>\nteko\u010din, otrok posledi\u010dno manj lula, ko\u017ea <\/span><span class=\"fontstyle5\">pa postane bleda ali sivkasta,<br \/>\n<\/span><span class=\"fontstyle7\">&#8211; <\/span><span class=\"fontstyle5\">te\u017eko diha \/ hrope \/ piska,<br \/>\n<\/span><span class=\"fontstyle7\">&#8211; <\/span><span class=\"fontstyle5\">to\u017ei za mo\u010dnimi bole\u010dinami v trebuhu in mu je slabo \/ bruha in ima povi\u0161ano<br \/>\ntelesno temperaturo,<br \/>\n<\/span><span class=\"fontstyle7\">&#8211; <\/span><span class=\"fontstyle5\">hude alergi\u010dne reakcije z motnjami zavesti in te\u017ekim dihanjem,<br \/>\n<\/span><span class=\"fontstyle7\">&#8211; <\/span><span class=\"fontstyle5\">posebej bodimo pozorni kadar so redko isto\u010dasno prisotni naslednji znaki: motnje<br \/>\nzavesti \/ vro\u010dina \/ glavobol \/ bruhanje \/ trd vrat \/ vijoli\u010dni izpu\u0161\u010daji, ki spominjajo na<br \/>\nmanj\u0161e modrice in ob dotiku ne izginejo.<br \/>\n<\/span><span class=\"fontstyle0\">Posebna skupina so dojen\u010dki<\/span><span class=\"fontstyle1\">. <\/span><span class=\"fontstyle5\">Pomembno je prepoznati resne znake obolenja, kot so:<br \/>\nneutola\u017eljiv jok; dalj \u010dasa visoko povi\u0161ana telesna temperatura, ki jo ne uspemo zni\u017eati,<br \/>\nob tem zavra\u010da teko\u010dine; mlahav, odsoten in neodziven pogled, ko\u017ea pa bleda in<br \/>\nmarmorirana; in kadar je prisotno hitro in te\u017eko dihanje, piskanje in hropenje.<br \/>\n<\/span><span class=\"fontstyle5\">\u010ce niste prepri\u010dani ali rabite posvet pokli\u010dite izbranega pediatra. V \u010dasu de\u017eurstva<br \/>\npokli\u010dite de\u017eurnega zdravnika in prihranite otroku nepotrebno \u010dakanje v polni \u010dakalnici.<br \/>\nZdravnika bodo zanimali osnovni podatki: starost, te\u017ea, zdravila, ki jih jemlje, katere<br \/>\notro\u0161ke bolezni je \u017ee prebolel, ali je redno cepljen in kdaj je nazadnje obiskal zdravnika.<br \/>\nNa podlagi posveta se bomo skupaj odlo\u010dili ali bo potrebno pripeljati otroka na pregled.<br \/>\n<\/span><\/div><\/div>\n\t\t\t\t\t<\/li><li class=\"pane-wrapper\" style=\"\">\n\t\t\t\t\t<h4 class=\"tab\"><span class=\"inner\">Kaj pa, \u010de rabim samo antibiotik?<\/span><\/h4>\n\t\t\t\t\t<div class=\"pane\"><div class=\"inner\"><p><span class=\"fontstyle5\">Najbolj pogosti povzro\u010ditelji prehlada, nahoda, gripe, vnetja \u017erela in vnetja u\u0161es<br \/>\nso virusi, te\u017eave pa v nekaj dnevih prakti\u010dno same izzvenijo. Na za\u010detku<br \/>\nzdravljenja teh obi\u010dajnih obolenj praviloma NE IZDAJAMO ANTIBIOTIKOV V<br \/>\nDE\u017dURNI AMBULANTI. Lahko si pa sami pomagate z rednim jemanjem zdravil:<br \/>\nproti povi\u0161ani telesni temperaturi, za laj\u0161anje glavobolov, proti bole\u010dinam v \u017erelu,<br \/>\nv u\u0161esih, v mi\u0161icah in v sklepih; zeli\u0161\u010da za grgranje in za inhaliranje ter sirupov<br \/>\nza pomiritev ka\u0161lja oz. za izka\u0161ljevanje. Zagotovite si zadostno u\u017eivanje teko\u010din<br \/>\nin nekajdnevni po\u010ditek. Kadar se po nekaj dnevih znaki obolenja ne izbolj\u0161ujejo<br \/>\nali celo poslab\u0161ujejo pa se posvetujte z zdravnikom.<br \/>\n<\/span><\/div><\/div>\n\t\t\t\t\t<\/li><li class=\"pane-wrapper\" style=\"\">\n\t\t\t\t\t<h4 class=\"tab\"><span class=\"inner\">STAROSTNIKI IN KRONI\u010cNI BOLNIKI<\/span><\/h4>\n\t\t\t\t\t<div class=\"pane\"><div class=\"inner\"><p><span class=\"fontstyle5\">Pri sebi imejte zmeraj celoten seznam in odmerek zdravil, ki redno jemljete<br \/>\nzjutraj, opoldne, zve\u010der ter po potrebi. Navedite na kaj ste alergi\u010dni. V primeru<br \/>\nposlab\u0161anja zdravstvenega stanja vam bo zdravnik tako najhitreje pomagal.<\/span><\/div><\/div>\n\t\t\t\t\t<\/li><li class=\"pane-wrapper\" style=\"\">\n\t\t\t\t\t<h4 class=\"tab\"><span class=\"inner\">Po\u010dutim se slabo, zbolel\/a sem. Kako naj se ravnam?<\/span><\/h4>\n\t\t\t\t\t<div class=\"pane\"><div class=\"inner\"><table class=\"NormalTable\">\n<tbody>\n<tr>\n<td width=\"180\"><span class=\"fontstyle1\">Nekdo je <\/span><span class=\"fontstyle0\">\u017eivljenjsko ogro\u017een <\/span><\/td>\n<td width=\"324\"><span class=\"fontstyle6\">&#8211; <\/span><span class=\"fontstyle5\">Poklicati na <\/span><span class=\"fontstyle4\">112<\/span><\/td>\n<\/tr>\n<tr>\n<td width=\"180\"><span class=\"fontstyle1\">Zdravstveno stanje se je<br \/>\n<\/span><span class=\"fontstyle0\">nenadoma hudo poslab\u0161alo<\/span><\/td>\n<td width=\"324\"><span class=\"fontstyle6\">&#8211; <\/span><span class=\"fontstyle5\">Poklicati <\/span><span class=\"fontstyle4\">zdravstveni dom v ob\u010dini bivanja<\/span><span class=\"fontstyle5\">.<br \/>\n<\/span><span class=\"fontstyle6\">&#8211; <\/span><span class=\"fontstyle5\">Ob zelo hudem poslab\u0161anju ali ogro\u017eajo\u010dem stanju<br \/>\n(opisano spodaj) poklicati na <\/span><span class=\"fontstyle4\">112<\/span><span class=\"fontstyle5\">.<\/span><\/td>\n<\/tr>\n<tr>\n<td width=\"180\"><span class=\"fontstyle1\">Zboleli smo in <\/span><span class=\"fontstyle0\">nismo<br \/>\n\u017eivljenjsko ogro\u017eeni<\/span><\/td>\n<td width=\"324\"><span class=\"fontstyle6\">&#8211; <\/span><span class=\"fontstyle5\">Obiskati <\/span><span class=\"fontstyle4\">osebnega zdravnika <\/span><span class=\"fontstyle5\">ali zdravnika, ki ga<br \/>\nnadome\u0161\u010da v rednem delovnem \u010dasu.<\/span><\/td>\n<\/tr>\n<\/tbody>\n<\/table><\/div><\/div>\n\t\t\t\t\t<\/li><li class=\"pane-wrapper\" style=\"\">\n\t\t\t\t\t<h4 class=\"tab\"><span class=\"inner\">KDAJ IN KAKO POKLICATI NUJNO MEDICINSKO POMO\u010c 112?<\/span><\/h4>\n\t\t\t\t\t<div class=\"pane\"><div class=\"inner\"><p><span class=\"fontstyle0\">112 <\/span><span class=\"fontstyle1\">pokli\u010demo kadar je ogro\u017eeno \u010dlove\u0161ko \u017eivljenje, torej:<br \/>\n<\/span><em><span class=\"fontstyle7\">&#8211; <\/span><span class=\"fontstyle5\">sr\u010dni zastoj in zastoj dihanja &#8211; oseba v globoki nezavesti, na klic se ne odziva, \u010de jo<br \/>\nne\u017eno stresemo za ramena se ne premika, <\/span><span class=\"fontstyle4\">ne diha <\/span><span class=\"fontstyle5\">ali hrope \/ smr\u010di, ko\u017ea pomodrela,<br \/>\n<\/span><span class=\"fontstyle7\">&#8211; <\/span><span class=\"fontstyle5\">kratkotrajna (nekaj sekundna) in dolgotrajna (nekaj minutna) izguba zavesti<br \/>\n(oseba je le\u017eala v nezavesti in se je hitro uvedla ali v trenutku klica \u0161e le\u017ei v<br \/>\nnezavesti vendar DIHA),<br \/>\n<\/span><span class=\"fontstyle7\">&#8211; <\/span><span class=\"fontstyle5\">motnje zavesti pri sladkornih bolnikih,<br \/>\n<\/span><span class=\"fontstyle7\">&#8211; <\/span><span class=\"fontstyle5\">du\u0161enje (npr. zaradi tujka),<br \/>\n<\/span><span class=\"fontstyle7\">&#8211; <\/span><span class=\"fontstyle5\">ote\u017eeno nenadno poslab\u0161anje dihanja pri znanih sr\u010dnih \/ plju\u010dnih in kroni\u010dnih bolnikih,<br \/>\n<\/span><span class=\"fontstyle7\">&#8211; <\/span><span class=\"fontstyle5\">nenadne in neobi\u010dajne bole\u010dine v prsih s te\u017ekim dihanjem in \/ ali potenjem,<br \/>\n<\/span><span class=\"fontstyle7\">&#8211; <\/span><span class=\"fontstyle5\">nenadne in neobi\u010dajne hude bole\u010dine v trebuhu, s slabostjo in \/ ali bruhanjem,<br \/>\n<\/span><span class=\"fontstyle7\">&#8211; <\/span><span class=\"fontstyle5\">nenadno nastale motnje sr\u010dnega ritma &#8211; prepo\u010dasen, prehiter, nepravilen ritem,<br \/>\n<\/span><span class=\"fontstyle7\">&#8211; <\/span><span class=\"fontstyle5\">kr\u010di z motnjami zavesti,<br \/>\n<\/span><span class=\"fontstyle7\">&#8211; <\/span><span class=\"fontstyle5\">nenadno ote\u017een govor, slabost ali ohromelost katerega koli dela telesa,<br \/>\n<\/span><span class=\"fontstyle7\">&#8211; <\/span><span class=\"fontstyle5\">hude po\u0161kodbe s krvavitvami nastale v prometnih, delovnih in ostalih nesre\u010dah,<br \/>\n<\/span><span class=\"fontstyle7\">&#8211; <\/span><span class=\"fontstyle5\">neobi\u010dajne hude krvavitve iz katere koli naravne telesne odprtine,<br \/>\n<\/span><span class=\"fontstyle7\">&#8211; <\/span><span class=\"fontstyle5\">nose\u010dnice z nenadnimi in neobi\u010dajnimi bole\u010dinami v trebuhu s krvavitvijo,<br \/>\n<\/span><span class=\"fontstyle7\">&#8211; <\/span><span class=\"fontstyle5\">porod na terenu \/ doma,<br \/>\n<\/span><span class=\"fontstyle7\">&#8211; <\/span><span class=\"fontstyle5\">ve\u010d dni visoka temperatura, ob tem je oseba omoti\u010dna, oslabela, bleda in potna,<br \/>\n<\/span><span class=\"fontstyle7\">&#8211; <\/span><span class=\"fontstyle5\">nenaden hud glavobol z bruhanjem in z pridru\u017eenimi motnjami vida in zavesti,<br \/>\n<\/span><span class=\"fontstyle7\">&#8211; <\/span><span class=\"fontstyle5\">obse\u017ene opekline ve\u010djih delov telesa,<br \/>\n<\/span><span class=\"fontstyle7\">&#8211; <\/span><span class=\"fontstyle5\">udar elektri\u010dnega toka ali strele,<br \/>\n<\/span><span class=\"fontstyle7\">&#8211; <\/span><span class=\"fontstyle5\">podhladitve, vro\u010dinski \u0161ok,<br \/>\n<\/span><span class=\"fontstyle7\">&#8211; <\/span><span class=\"fontstyle5\">utopitve,<br \/>\n<\/span><span class=\"fontstyle7\">&#8211; <\/span><span class=\"fontstyle5\">zastrupitve z zdravili, mamili, kemikalijami, plini,<br \/>\n<\/span><span class=\"fontstyle7\">&#8211; <\/span><span class=\"fontstyle5\">hude alergijske reakcije z ote\u017eenim dihanjem in motnjami zavesti,<br \/>\n<\/span><span class=\"fontstyle7\">&#8211; <\/span><\/em><span class=\"fontstyle5\"><em>nenadne spremembe v vedenju, ki povzro\u010dajo nevarnost za pacienta in okolico.<\/em><br \/>\nOb klicu na 112 prosimo, da ustrezne podatke posredujete <\/span><span class=\"fontstyle5\">\u010dim bolj zbrano in<br \/>\numirjeno. Seznanjeni morate biti z zdravstvenim problemom, zaradi katerega kli\u010dete,<br \/>\ndobro poslu\u0161ati vpra\u0161anja in navodila dispe\u010derja. Vedno je potrebno po\u010dakati na<br \/>\nzvezi, saj bomo morda za vas imeli dodatna vpra\u0161anja ali vam posredovali navodila<br \/>\nza u\u010dinkovito ravnanje na kraju nesre\u010de. Zanima nas predvsem:<br \/>\n<\/span><span class=\"fontstyle7\">&#8211; <\/span><span class=\"fontstyle5\">Kdo kli\u010de? <\/span><span class=\"fontstyle5\">&#8211; <\/span><span class=\"fontstyle5\">Kak\u0161no pomo\u010d potrebujete?<br \/>\n<\/span><span class=\"fontstyle7\">&#8211; <\/span><span class=\"fontstyle5\">Kaj se je zgodilo? <\/span><span class=\"fontstyle5\">&#8211; <\/span><span class=\"fontstyle5\">Koliko je ponesre\u010dencev in kdo so?<br \/>\n<\/span><span class=\"fontstyle7\">&#8211; <\/span><span class=\"fontstyle5\">Kje se je zgodilo? <\/span><span class=\"fontstyle5\">&#8211; <\/span><span class=\"fontstyle5\">Kak\u0161ne so po\u0161kodbe?<br \/>\n<\/span><span class=\"fontstyle7\">&#8211; <\/span><span class=\"fontstyle5\">Kdaj se je zgodilo? &#8211; Kak\u0161ne so okoli\u0161\u010dine na kraju nesre\u010de?<br \/>\n<\/span><span class=\"fontstyle4\">Po klicu ohranite prost telefon v primeru, da bi vas ekipa iz nujnega vozila<br \/>\nali dispe\u010der \u017eeleli poklicati nazaj.<\/span><\/p>\n<p><span class=\"fontstyle5\">\u00a0<\/span><\/div><\/div>\n\t\t\t\t\t<\/li><\/ul><\/div>\n","protected":false},"excerpt":{"rendered":"","protected":false},"author":1,"featured_media":0,"parent":0,"menu_order":0,"comment_status":"closed","ping_status":"closed","template":"","meta":{"ngg_post_thumbnail":0,"footnotes":""},"class_list":["post-988088","page","type-page","status-publish"],"_links":{"self":[{"href":"https:\/\/zd-piran.si\/index.php\/wp-json\/wp\/v2\/pages\/988088","targetHints":{"allow":["GET"]}}],"collection":[{"href":"https:\/\/zd-piran.si\/index.php\/wp-json\/wp\/v2\/pages"}],"about":[{"href":"https:\/\/zd-piran.si\/index.php\/wp-json\/wp\/v2\/types\/page"}],"author":[{"embeddable":true,"href":"https:\/\/zd-piran.si\/index.php\/wp-json\/wp\/v2\/users\/1"}],"replies":[{"embeddable":true,"href":"https:\/\/zd-piran.si\/index.php\/wp-json\/wp\/v2\/comments?post=988088"}],"version-history":[{"count":10,"href":"https:\/\/zd-piran.si\/index.php\/wp-json\/wp\/v2\/pages\/988088\/revisions"}],"predecessor-version":[{"id":988099,"href":"https:\/\/zd-piran.si\/index.php\/wp-json\/wp\/v2\/pages\/988088\/revisions\/988099"}],"wp:attachment":[{"href":"https:\/\/zd-piran.si\/index.php\/wp-json\/wp\/v2\/media?parent=988088"}],"curies":[{"name":"wp","href":"https:\/\/api.w.org\/{rel}","templated":true}]}}