{"id":988204,"date":"2021-01-10T18:25:23","date_gmt":"2021-01-10T16:25:23","guid":{"rendered":"http:\/\/zd-piran.si\/index.php\/specambulante\/orlkoper-2\/"},"modified":"2024-12-02T09:43:26","modified_gmt":"2024-12-02T07:43:26","slug":"mdps","status":"publish","type":"page","link":"https:\/\/zd-piran.si\/index.php\/specambulante\/mdps\/","title":{"rendered":"Ambulanta medicine dela, prometa in \u0161porta"},"content":{"rendered":"<div class=\"row \"><div class=\"wpv-grid grid-1-2  wpv-first-level first unextended\" style=\"padding-top:0px;padding-bottom:0px\" id=\"wpv-column-54508a685320d1e060efdbabe6e4742c\" ><p><b>Do nadaljnjega amb. Medicine dela prometa in \u0161porta ne deluje.<\/b><\/p>\n<p>V primeru potrebe po izdajanju kopij zdravni\u0161kih spri\u010deval se obrnite na: tajnistvo@zd.piran.si<\/p>\n<p>Cankarjevo nabre\u017eje 9 a, Piran<\/p>\n<span class='icon shortcode  ' style='font-size:16px !important;'>&#57490;<\/span> 05\/ 6207 282<br \/>\n<span class='icon shortcode  ' style='font-size:16px !important;'>&#57533;<\/span> 05\/ 6207 201<br \/>\n<span class='icon shortcode theme ' style='font-size:16px !important;'>&#57353;<\/span> mdpiran@zd-piran.si<\/div>\n<div class=\"wpv-grid grid-1-2  wpv-first-level unextended\" style=\"padding-top:0px;padding-bottom:0px\" id=\"wpv-column-d2e39e1dca4f8c98221f3efdd714ed93\" ><table class=\"paleBlueRows\">\n<thead>\n<tr>\n<th style=\"text-align: center; background: #596dff; color: white;\">PON<\/th>\n<th style=\"text-align: center; background: #596dff; color: white;\">TOR<\/th>\n<th style=\"text-align: center; background: #596dff; color: white;\">SRE<\/th>\n<th style=\"text-align: center; background: #596dff; color: white;\">\u010cET<\/th>\n<th style=\"text-align: center; background: #596dff; color: white;\">PET<\/th>\n<th style=\"text-align: center; background: #596dff; color: white;\">SOB<\/th>\n<th style=\"text-align: center; background: #596dff; color: white;\">NED<\/th>\n<\/tr>\n<\/thead>\n<tbody>\n<tr>\n<td style=\"text-align: center; background: #b9c5f0; color: black;\">07:00<\/td>\n<td style=\"text-align: center; background: #b9c5f0; color: black;\">07:00<\/td>\n<td style=\"text-align: center; background: #b9c5f0; color: black;\">07:00<\/td>\n<td style=\"text-align: center; background: #b9c5f0; color: black;\">07:00<\/td>\n<td style=\"text-align: center; background: #b9c5f0; color: black;\">07:00<\/td>\n<td style=\"text-align: center; background: #b9c5f0; color: black;\">&#8211;<\/td>\n<td style=\"text-align: center; background: #b9c5f0; color: black;\">&#8211;<\/td>\n<\/tr>\n<tr>\n<td style=\"text-align: center; background: #b9c5f0; color: black;\">14:00<\/td>\n<td style=\"text-align: center; background: #b9c5f0; color: black;\">14:00<\/td>\n<td style=\"text-align: center; background: #b9c5f0; color: black;\">14:00<\/td>\n<td style=\"text-align: center; background: #b9c5f0; color: black;\">14:00<\/td>\n<td style=\"text-align: center; background: #b9c5f0; color: black;\">14:00<\/td>\n<td style=\"text-align: center; background: #b9c5f0; color: black;\">&#8211;<\/td>\n<td style=\"text-align: center; background: #b9c5f0; color: black;\">&#8211;<\/td>\n<\/tr>\n<\/tbody>\n<\/table><\/div><\/div>\n<div class=\"row \"><div class=\"wpv-grid grid-1-1  wpv-first-level first unextended animation-fade-in animated-active\" style=\"padding-top:0px;padding-bottom:0px\" id=\"wpv-column-390f6fb4fcb1741e50b4608d0ebcaa93\" ><div class=\"wpv-accordion-wrapper wpv-accordion-1\"><style scoped>.wpv-accordion-1 .tab .inner { background-color: #b9c5f0; color: #000000; }<\/style><ul class=\"wpv-accordion\" data-collapsible=\"true\"><li class=\"pane-wrapper\" style=\"\">\n\t\t\t\t\t<h4 class=\"tab\"><span class=\"inner\">Naro\u010danje<\/span><\/h4>\n\t\t\t\t\t<div class=\"pane\"><div class=\"inner\"><p>po telefonu od ponedeljka do petka med 11:00 in 13:00 uro: 05\/6207 282 ali elektronski po\u0161ti (odgovarjamo do 14:00 ): mdpiran@zd-piran.si<\/div><\/div>\n\t\t\t\t\t<\/li><li class=\"pane-wrapper\" style=\"\">\n\t\t\t\t\t<h4 class=\"tab\"><span class=\"inner\">\u010cakalna doba<\/span><\/h4>\n\t\t\t\t\t<div class=\"pane\"><div class=\"inner\"><p>\u010cakalne dobe za preglede do 7 dni. Odgovorne osebe za vodenje \u010dakalnega seznama so: osebje v ambulanti ter Marko Grdina.<\/p>\n<p>Za vse informacije smo dosegljivi na telefonu od ponedeljka do petka med 11:00 in 13:00 uro: 05\/6207 282\u00a0 ter \u00a0 elektronski po\u0161ti <a href=\"mailto:mdpiran@zd-piran.si\">mdpiran@zd-piran.si<\/a><\/div><\/div>\n\t\t\t\t\t<\/li><li class=\"pane-wrapper\" style=\"\">\n\t\t\t\t\t<h4 class=\"tab\"><span class=\"inner\">Ostale informacije<\/span><\/h4>\n\t\t\t\t\t<div class=\"pane\"><div class=\"inner\"><p>MEDICINA DELA, PROMETA IN \u0160PORTA, ULTRAZVO\u010cNA AMBULANTA \u2013 POOBLA\u0160\u010cENA AMBULANTA ZA PREGLEDE LETALSKEGA OSEBJA<\/p>\n<div class=\"oddelek_element\"><a href=\"\/wp-content\/uploads\/2021\/02\/31_Obrazec_8_205_za_obdobni_pregled.pdf\">Obrazec za obdobni pregled<\/a><br \/>\n<a href=\"\/wp-content\/uploads\/2021\/02\/31_napotnica_za_predhodni_zdravstveni_pregled.pdf\">Napotnica za predhodni zdravstveni pregled<\/a><br \/>\n<a href=\"https:\/\/zd-piran.si\/index.php\/navodila-mdps-piran\/\">NAVODILA splo\u0161na za zdr. preglede M.D.P.\u0160. Piran <\/a><br \/>\n<a href=\"https:\/\/zd-piran.si\/index.php\/navodila-mdps-piran-vozniki\">NAVODILA vozniki A, B, C, D, E <\/a><\/div><\/div><\/div>\n\t\t\t\t\t<\/li><li class=\"pane-wrapper\" style=\"\">\n\t\t\t\t\t<h4 class=\"tab\"><span class=\"inner\">Cenik<\/span><\/h4>\n\t\t\t\t\t<div class=\"pane\"><div class=\"inner\"><div><a href=\"http:\/\/zd-piran.si\/wp-content\/uploads\/2023\/02\/cenik_MDP_2023.pdf\">CENIK<\/a><\/div><\/div><\/div>\n\t\t\t\t\t<\/li><\/ul><\/div><\/div><\/div>\n","protected":false},"excerpt":{"rendered":"<p>Do nadaljnjega amb. Medicine dela prometa in \u0161porta ne deluje. V primeru potrebe po izdajanju kopij zdravni\u0161kih spri\u010deval se obrnite na: tajnistvo@zd.piran.si Cankarjevo nabre\u017eje 9 a, Piran 05\/ 6207 282 05\/ 6207 201 mdpiran@zd-piran.si PON TOR SRE \u010cET PET SOB NED 07:00 07:00 07:00 07:00 07:00 &#8211; &#8211; 14:00 14:00 14:00 14:00 14:00 &#8211; &#8211;<\/p>\n","protected":false},"author":1,"featured_media":0,"parent":988188,"menu_order":0,"comment_status":"closed","ping_status":"closed","template":"","meta":{"ngg_post_thumbnail":0,"footnotes":""},"class_list":["post-988204","page","type-page","status-publish"],"_links":{"self":[{"href":"https:\/\/zd-piran.si\/index.php\/wp-json\/wp\/v2\/pages\/988204","targetHints":{"allow":["GET"]}}],"collection":[{"href":"https:\/\/zd-piran.si\/index.php\/wp-json\/wp\/v2\/pages"}],"about":[{"href":"https:\/\/zd-piran.si\/index.php\/wp-json\/wp\/v2\/types\/page"}],"author":[{"embeddable":true,"href":"https:\/\/zd-piran.si\/index.php\/wp-json\/wp\/v2\/users\/1"}],"replies":[{"embeddable":true,"href":"https:\/\/zd-piran.si\/index.php\/wp-json\/wp\/v2\/comments?post=988204"}],"version-history":[{"count":27,"href":"https:\/\/zd-piran.si\/index.php\/wp-json\/wp\/v2\/pages\/988204\/revisions"}],"predecessor-version":[{"id":990304,"href":"https:\/\/zd-piran.si\/index.php\/wp-json\/wp\/v2\/pages\/988204\/revisions\/990304"}],"up":[{"embeddable":true,"href":"https:\/\/zd-piran.si\/index.php\/wp-json\/wp\/v2\/pages\/988188"}],"wp:attachment":[{"href":"https:\/\/zd-piran.si\/index.php\/wp-json\/wp\/v2\/media?parent=988204"}],"curies":[{"name":"wp","href":"https:\/\/api.w.org\/{rel}","templated":true}]}}