{"id":988396,"date":"2021-01-10T18:25:23","date_gmt":"2021-01-10T16:25:23","guid":{"rendered":"http:\/\/zd-piran.si\/index.php\/ambulante-druzinske-medicine\/spolsne_ambulante\/sa05-2\/"},"modified":"2026-02-25T12:04:56","modified_gmt":"2026-02-25T11:04:56","slug":"trupac","status":"publish","type":"page","link":"https:\/\/zd-piran.si\/index.php\/pediatrija\/trupac\/","title":{"rendered":"Trupac Sara\u017ein Paola, dr.med. spec. ped."},"content":{"rendered":"<div class=\"row \"><div class=\"wpv-grid grid-1-2  wpv-first-level first unextended\" style=\"padding-top:0px;padding-bottom:0px\" id=\"wpv-column-41cb1b6941a50cc5bf32ba0e7064c1d2\" ><p><strong>Trupac Sara\u017ein Paola, dr.med. spec. ped.<\/strong><br \/>\nCesta solinarjev 1, LUCIJA<\/p>\n<span class='icon shortcode  ' style='font-size:16px !important;'>&#57490;<\/span> 05\/ 677 52 22<br \/>\n<span class='icon shortcode  ' style='font-size:16px !important;'>&#57533;<\/span> 05\/ 6207 201<br \/>\n<span class='icon shortcode theme ' style='font-size:16px !important;'>&#57353;<\/span> pediatrija1@zd-piran.si<\/div>\n<div class=\"wpv-grid grid-1-2  wpv-first-level unextended\" style=\"padding-top:0px;padding-bottom:0px\" id=\"wpv-column-336be9e4f9516cf3f40033279d2f5aef\" ><table class=\"paleBlueRows\">\n<thead>\n<tr>\n<th style=\"text-align: center; background: #007aff; color: white;\">PON<\/th>\n<th style=\"text-align: center; background: #007aff; color: white;\">TOR<\/th>\n<th style=\"text-align: center; background: #007aff; color: white;\">SRE<\/th>\n<th style=\"text-align: center; background: #007aff; color: white;\">\u010cET<\/th>\n<th style=\"text-align: center; background: #007aff; color: white;\">PET<\/th>\n<th style=\"text-align: center; background: #007aff; color: white;\">SOB<\/th>\n<th style=\"text-align: center; background: #007aff; color: white;\">NED<\/th>\n<\/tr>\n<\/thead>\n<tbody>\n<tr>\n<td style=\"text-align: center; background: #a7c3e3; color: white;\">07:00<\/td>\n<td style=\"text-align: center; background: #a7c3e3; color: white;\">07:00<\/td>\n<td style=\"text-align: center; background: #a7c3e3; color: white;\">13:30<\/td>\n<td style=\"text-align: center; background: #a7c3e3; color: white;\">07:00<\/td>\n<td style=\"text-align: center; background: #a7c3e3; color: white;\">07:00<\/td>\n<td style=\"text-align: center; background: #a7c3e3; color: white;\">&#8211;<\/td>\n<td style=\"text-align: center; background: #a7c3e3; color: white;\">&#8211;<\/td>\n<\/tr>\n<tr>\n<td style=\"text-align: center; background: #a7c3e3; color: white;\">13:50<\/td>\n<td style=\"text-align: center; background: #a7c3e3; color: white;\">13:50<\/td>\n<td style=\"text-align: center; background: #a7c3e3; color: white;\">20:00<\/td>\n<td style=\"text-align: center; background: #a7c3e3; color: white;\">13:50<\/td>\n<td style=\"text-align: center; background: #a7c3e3; color: white;\">13:50<\/td>\n<td style=\"text-align: center; background: #a7c3e3; color: white;\">&#8211;<\/td>\n<td style=\"text-align: center; background: #a7c3e3; color: white;\">&#8211;<\/td>\n<\/tr>\n<\/tbody>\n<\/table><\/div><\/div>\n<div class=\"row \"><div class=\"wpv-grid grid-1-1  wpv-first-level first unextended animation-fade-in animated-active\" style=\"padding-top:0px;padding-bottom:0px\" id=\"wpv-column-ee350458f1d27402b32076465f1293ad\" ><div class=\"wpv-accordion-wrapper wpv-accordion-1\"><style scoped>.wpv-accordion-1 .tab .inner { background-color: #007aff; color: #ffffff; }<\/style><ul class=\"wpv-accordion\" data-collapsible=\"true\"><li class=\"pane-wrapper\" style=\"\">\n\t\t\t\t\t<h4 class=\"tab\"><span class=\"inner\">Naro\u010danje<\/span><\/h4>\n\t\t\t\t\t<div class=\"pane\"><div class=\"inner\"><p>Naro\u010danje po telefonu ali osebno v ordinacijskem \u010dasu ambulante, po elektronski po\u0161ti ali pisno po po\u0161ti.<\/div><\/div>\n\t\t\t\t\t<\/li><li class=\"pane-wrapper\" style=\"\">\n\t\t\t\t\t<h4 class=\"tab\"><span class=\"inner\">\u010cakalna doba<\/span><\/h4>\n\t\t\t\t\t<div class=\"pane\"><div class=\"inner\"><p>Za nujne primere \u010dakalne dobe ni, za nenujne preglede oz. prvi preged do 7 dni, po predhodnem naro\u010dilu. Odgovorne osebe za vodenje \u010dakalnega seznama: Mojca Ju\u017eni\u010d v.m.s., koordinator \u010dakalnih seznamov in \u010dakalnih vrst: Marko Grdina,dipl.zn, Pomo\u010dnik direktorja za podro\u010dje zdr.nege.<\/div><\/div>\n\t\t\t\t\t<\/li><li class=\"pane-wrapper\" style=\"\">\n\t\t\t\t\t<h4 class=\"tab\"><span class=\"inner\">Ostale informacije<\/span><\/h4>\n\t\t\t\t\t<div class=\"pane\"><div class=\"inner\"><p>Vsak tretji teden dela ordinacija ob \u010detrtkih in petkih popoldan, od 13:00 do 20:00<br \/>\nMALICA: od 10:00 do 10:30 o\u017ez. od 16:30 do 17:00<\/p>\n<p>Ambulanta sprejema novorojen\u010dke za vpis k izbranemu osebnemu pediatru.<\/div><\/div>\n\t\t\t\t\t<\/li><\/ul><\/div><\/div><\/div>\n","protected":false},"excerpt":{"rendered":"<p>Trupac Sara\u017ein Paola, dr.med. spec. ped. Cesta solinarjev 1, LUCIJA 05\/ 677 52 22 05\/ 6207 201 pediatrija1@zd-piran.si PON TOR SRE \u010cET PET SOB NED 07:00 07:00 13:30 07:00 07:00 &#8211; &#8211; 13:50 13:50 20:00 13:50 13:50 &#8211; &#8211;<\/p>\n","protected":false},"author":1,"featured_media":0,"parent":988371,"menu_order":0,"comment_status":"closed","ping_status":"closed","template":"","meta":{"ngg_post_thumbnail":0,"footnotes":""},"class_list":["post-988396","page","type-page","status-publish"],"_links":{"self":[{"href":"https:\/\/zd-piran.si\/index.php\/wp-json\/wp\/v2\/pages\/988396","targetHints":{"allow":["GET"]}}],"collection":[{"href":"https:\/\/zd-piran.si\/index.php\/wp-json\/wp\/v2\/pages"}],"about":[{"href":"https:\/\/zd-piran.si\/index.php\/wp-json\/wp\/v2\/types\/page"}],"author":[{"embeddable":true,"href":"https:\/\/zd-piran.si\/index.php\/wp-json\/wp\/v2\/users\/1"}],"replies":[{"embeddable":true,"href":"https:\/\/zd-piran.si\/index.php\/wp-json\/wp\/v2\/comments?post=988396"}],"version-history":[{"count":12,"href":"https:\/\/zd-piran.si\/index.php\/wp-json\/wp\/v2\/pages\/988396\/revisions"}],"predecessor-version":[{"id":990889,"href":"https:\/\/zd-piran.si\/index.php\/wp-json\/wp\/v2\/pages\/988396\/revisions\/990889"}],"up":[{"embeddable":true,"href":"https:\/\/zd-piran.si\/index.php\/wp-json\/wp\/v2\/pages\/988371"}],"wp:attachment":[{"href":"https:\/\/zd-piran.si\/index.php\/wp-json\/wp\/v2\/media?parent=988396"}],"curies":[{"name":"wp","href":"https:\/\/api.w.org\/{rel}","templated":true}]}}