{"id":988894,"date":"2021-01-10T18:25:23","date_gmt":"2021-01-10T16:25:23","guid":{"rendered":"https:\/\/zd-piran.si\/index.php\/zobne_ambulante\/komljanec-2\/"},"modified":"2022-01-17T12:25:09","modified_gmt":"2022-01-17T10:25:09","slug":"cokdental","status":"publish","type":"page","link":"https:\/\/zd-piran.si\/index.php\/zobne_ambulante\/cokdental\/","title":{"rendered":"Dr. \u010cOK DENTAL d.o.o."},"content":{"rendered":"<div class=\"row \"><div class=\"wpv-grid grid-1-2  wpv-first-level first unextended\" style=\"padding-top:0px;padding-bottom:0px\" id=\"wpv-column-f687f9abf36ab26e882a733ec0aa306f\" ><p><span class=\"oddelek_zdravnik\"><strong>Dr. \u010cOK DENTAL d.o.o.<\/strong><br \/>\n<strong>Gordan \u010cok dr. dent. med., spec. oralne kirurgije &#8211; oralna kirurgija<\/strong><br \/>\n<strong>Karmen Salamun \u010cok dr. dent. med., spec. parodontolog &#8211; paradontologija<br \/>\n<\/strong><\/span><strong>Veronika \u017de\u017elina dr.dent.med. &#8211; zobozdravstvo odrasli<\/strong><\/p>\n<p>&nbsp;<\/p>\n<p>Obala 114, 6320 Portoro\u017e<\/p>\n<span class='icon shortcode  ' style='font-size:16px !important;'>&#57490;<\/span> +386 (05) 6771 700<br \/>\n<span class='icon shortcode  ' style='font-size:16px !important;'>&#57823;<\/span> <a href=\"https:\/\/www.drcokdental.si\">Slpetna stran<\/a><\/div>\n<div class=\"wpv-grid grid-1-2  wpv-first-level unextended\" style=\"padding-top:0px;padding-bottom:0px\" id=\"wpv-column-9036df68be813d46ad2932017998866b\" ><table class=\"paleBlueRows\">\n<thead>\n<tr>\n<th style=\"text-align: center; background: #ff7919; color: black;\">PON<\/th>\n<th style=\"text-align: center; background: #ff7919; color: black;\">TOR<\/th>\n<th style=\"text-align: center; background: #ff7919; color: black;\">SRE<\/th>\n<th style=\"text-align: center; background: #ff7919; color: black;\">\u010cET<\/th>\n<th style=\"text-align: center; background: #ff7919; color: black;\">PET<\/th>\n<th style=\"text-align: center; background: #ff7919; color: black;\">SOB<\/th>\n<th style=\"text-align: center; background: #ff7919; color: black;\">NED<\/th>\n<\/tr>\n<\/thead>\n<tbody>\n<tr>\n<td style=\"text-align: center; background: #f5dac6; color: black;\">13:00<\/td>\n<td style=\"text-align: center; background: #f5dac6; color: black;\">08:00<\/td>\n<td style=\"text-align: center; background: #f5dac6; color: black;\">08:00<\/td>\n<td style=\"text-align: center; background: #f5dac6; color: black;\">13:00<\/td>\n<td style=\"text-align: center; background: #f5dac6; color: black;\">08:00<\/td>\n<td style=\"text-align: center; background: #f5dac6; color: black;\">&#8211;<\/td>\n<td style=\"text-align: center; background: #f5dac6; color: black;\">&#8211;<\/td>\n<\/tr>\n<tr>\n<td style=\"text-align: center; background: #f5dac6; color: black;\">19:30<\/td>\n<td style=\"text-align: center; background: #f5dac6; color: black;\">14:30<\/td>\n<td style=\"text-align: center; background: #f5dac6; color: black;\">14:30<\/td>\n<td style=\"text-align: center; background: #f5dac6; color: black;\">19:30<\/td>\n<td style=\"text-align: center; background: #f5dac6; color: black;\">14:30<\/td>\n<td style=\"text-align: center; background: #f5dac6; color: black;\">&#8211;<\/td>\n<td style=\"text-align: center; background: #f5dac6; color: black;\">&#8211;<\/td>\n<\/tr>\n<\/tbody>\n<\/table><\/div><\/div>\n","protected":false},"excerpt":{"rendered":"<p>Dr. \u010cOK DENTAL d.o.o. Gordan \u010cok dr. dent. med., spec. oralne kirurgije &#8211; oralna kirurgija Karmen Salamun \u010cok dr. dent. med., spec. parodontolog &#8211; paradontologija Veronika \u017de\u017elina dr.dent.med. &#8211; zobozdravstvo odrasli &nbsp; Obala 114, 6320 Portoro\u017e +386 (05) 6771 700 Slpetna stran PON TOR SRE \u010cET PET SOB NED 13:00 08:00 08:00 13:00 08:00 &#8211;&#8230;<\/p>\n","protected":false},"author":1,"featured_media":0,"parent":988312,"menu_order":0,"comment_status":"closed","ping_status":"closed","template":"","meta":{"ngg_post_thumbnail":0,"footnotes":""},"class_list":["post-988894","page","type-page","status-publish"],"_links":{"self":[{"href":"https:\/\/zd-piran.si\/index.php\/wp-json\/wp\/v2\/pages\/988894","targetHints":{"allow":["GET"]}}],"collection":[{"href":"https:\/\/zd-piran.si\/index.php\/wp-json\/wp\/v2\/pages"}],"about":[{"href":"https:\/\/zd-piran.si\/index.php\/wp-json\/wp\/v2\/types\/page"}],"author":[{"embeddable":true,"href":"https:\/\/zd-piran.si\/index.php\/wp-json\/wp\/v2\/users\/1"}],"replies":[{"embeddable":true,"href":"https:\/\/zd-piran.si\/index.php\/wp-json\/wp\/v2\/comments?post=988894"}],"version-history":[{"count":5,"href":"https:\/\/zd-piran.si\/index.php\/wp-json\/wp\/v2\/pages\/988894\/revisions"}],"predecessor-version":[{"id":988958,"href":"https:\/\/zd-piran.si\/index.php\/wp-json\/wp\/v2\/pages\/988894\/revisions\/988958"}],"up":[{"embeddable":true,"href":"https:\/\/zd-piran.si\/index.php\/wp-json\/wp\/v2\/pages\/988312"}],"wp:attachment":[{"href":"https:\/\/zd-piran.si\/index.php\/wp-json\/wp\/v2\/media?parent=988894"}],"curies":[{"name":"wp","href":"https:\/\/api.w.org\/{rel}","templated":true}]}}