{"id":989821,"date":"2021-01-10T18:25:23","date_gmt":"2021-01-10T16:25:23","guid":{"rendered":"https:\/\/zd-piran.si\/index.php\/pediatrija\/rostan-2\/"},"modified":"2025-09-29T07:04:38","modified_gmt":"2025-09-29T06:04:38","slug":"padozzs","status":"publish","type":"page","link":"https:\/\/zd-piran.si\/index.php\/pediatrija\/padozzs\/","title":{"rendered":"Preventivna ambulanta za dru\u017einsko obravnavo za zdrav \u017eivljenjski slog"},"content":{"rendered":"<div class=\"row \"><div class=\"wpv-grid grid-1-2  wpv-first-level first unextended\" style=\"padding-top:0px;padding-bottom:0px\" id=\"wpv-column-de6302c0a0fec97cd3da557dbba58d2a\" ><p><strong><span class=\"oddelek_zdravnik\">PREVENTIVNA ABULANTA ZA DRU\u017dINSKO OBRAVNAVO<br \/>\nZA ZDRAV \u017dIVLJENJSKI SLOG<\/span><\/strong><br \/>\nCesta solinarjev 1, LUCIJA<\/p>\n<span class='icon shortcode  ' style='font-size:16px !important;'>&#57490;<\/span> 040\/293-590<\/p>\n<p><strong>Zdravnik: Zvezdana Rostan dr.med.<\/strong><\/p>\n<p><span style=\"color: #ff0000;\">Ambulanta trenutno ne dela, predvidoma do 2.11.2025<\/span><\/div>\n<div class=\"wpv-grid grid-1-2  wpv-first-level unextended\" style=\"padding-top:0px;padding-bottom:0px\" id=\"wpv-column-28150f7551270652585ed25bf6755b48\" ><table class=\"paleBlueRows\">\n<thead>\n<tr>\n<th style=\"text-align: center; background: #007aff; color: white;\">PON<\/th>\n<th style=\"text-align: center; background: #007aff; color: white;\">TOR<\/th>\n<th style=\"text-align: center; background: #007aff; color: white;\">SRE<\/th>\n<th style=\"text-align: center; background: #007aff; color: white;\">\u010cET<\/th>\n<th style=\"text-align: center; background: #007aff; color: white;\">PET<\/th>\n<th style=\"text-align: center; background: #007aff; color: white;\">SOB<\/th>\n<th style=\"text-align: center; background: #007aff; color: white;\">NED<\/th>\n<\/tr>\n<\/thead>\n<tbody>\n<tr>\n<td style=\"text-align: center; background: #a7c3e3; color: white;\">15:00<\/td>\n<td style=\"text-align: center; background: #a7c3e3; color: white;\">07:00<\/td>\n<td style=\"text-align: center; background: #a7c3e3; color: white;\">&#8211;<\/td>\n<td style=\"text-align: center; background: #a7c3e3; color: white;\">&#8211;<\/td>\n<td style=\"text-align: center; background: #a7c3e3; color: white;\">&#8211;<\/td>\n<td style=\"text-align: center; background: #a7c3e3; color: white;\">&#8211;<\/td>\n<td style=\"text-align: center; background: #a7c3e3; color: white;\">&#8211;<\/td>\n<\/tr>\n<tr>\n<td style=\"text-align: center; background: #a7c3e3; color: white;\">20:00<\/td>\n<td style=\"text-align: center; background: #a7c3e3; color: white;\">13:00<\/td>\n<td style=\"text-align: center; background: #a7c3e3; color: white;\">&#8211;<\/td>\n<td style=\"text-align: center; background: #a7c3e3; color: white;\">&#8211;<\/td>\n<td style=\"text-align: center; background: #a7c3e3; color: white;\">&#8211;<\/td>\n<td style=\"text-align: center; background: #a7c3e3; color: white;\">&#8211;<\/td>\n<td style=\"text-align: center; background: #a7c3e3; color: white;\">&#8211;<\/td>\n<\/tr>\n<\/tbody>\n<\/table>\n<p><strong>Odmor za malico \/ Pausa pranzo:<br \/>\n<\/strong><strong>Dopoldan \/ Mattina : 10:00 &#8211; 10:30<br \/>\n<\/strong><strong>Popoldan \/&nbsp; Pomeriggio: 16:30 &#8211; 17:00<\/strong><\/div><\/div>\n<div class=\"row \"><div class=\"wpv-grid grid-1-1  wpv-first-level first unextended animation-fade-in animated-active\" style=\"padding-top:0px;padding-bottom:0px\" id=\"wpv-column-40d8c1eac37dde0788b360e25e5bb1a7\" ><div class=\"wpv-accordion-wrapper wpv-accordion-1\"><style scoped>.wpv-accordion-1 .tab .inner { background-color: #007aff; color: #ffffff; }<\/style><ul class=\"wpv-accordion\" data-collapsible=\"true\"><li class=\"pane-wrapper\" style=\"\">\n\t\t\t\t\t<h4 class=\"tab\"><span class=\"inner\">Naro\u010danje<\/span><\/h4>\n\t\t\t\t\t<div class=\"pane\"><div class=\"inner\"><p>Z interno napotnico pediatra. Vabi osebje preventivne ambulante \/<br \/>\nCon un riferimento interno da parte di un pediatra. Su invito del personale dell&#8217;Ambulatorio di prevenzione<\/p>\n<p><strong>&nbsp;<\/strong><\/p>\n<p><strong>Po po\u0161ti \/ Per posta:<br \/>\n<\/strong>Naslov \/ Indirizzo: ZD Piran, Cesta solinarjev 1, Pediatri\u010dna ambulanta, dr.med..,6320 Portoro\u017e<\/p>\n<p><strong>&nbsp;<\/strong><\/p>\n<p><strong>Po elektronski po\u0161ti \/ Per posta elettronica:<br \/>\n<\/strong>E-mail: <a href=\"mailto:katja.stajner@zd-piran.si\">katja.stajner@zd-piran.si<\/a><\/p>\n<p><strong>&nbsp;<\/strong><\/p>\n<p><strong>Telefonsko \/ Telefono:<br \/>\n<\/strong>Telefonsko naro\u010danje poteka v okviru ordinacijskega \u010dasa na telefonsko \u0161tevilko 040\/293-590<br \/>\nPrenotamento telefonico entro l&#8217;orario di lavoro 040\/293-590<\/p>\n<p><strong>&nbsp;<\/strong><strong>&nbsp;<\/strong><\/p>\n<p><strong>Osebno \/ Personalmente:<br \/>\n<\/strong>Osebno v ambulanti v ordinacijskem \u010dasu \/ entro l&#8217;orario di lavoro.<\/div><\/div>\n\t\t\t\t\t<\/li><li class=\"pane-wrapper\" style=\"\">\n\t\t\t\t\t<h4 class=\"tab\"><span class=\"inner\">\u010cakalna doba<\/span><\/h4>\n\t\t\t\t\t<div class=\"pane\"><div class=\"inner\"><\/div><\/div>\n\t\t\t\t\t<\/li><li class=\"pane-wrapper\" style=\"\">\n\t\t\t\t\t<h4 class=\"tab\"><span class=\"inner\">Ostale informacije<\/span><\/h4>\n\t\t\t\t\t<div class=\"pane\"><div class=\"inner\"><\/div><\/div>\n\t\t\t\t\t<\/li><\/ul><\/div><\/div><\/div>\n","protected":false},"excerpt":{"rendered":"<p>PREVENTIVNA ABULANTA ZA DRU\u017dINSKO OBRAVNAVO ZA ZDRAV \u017dIVLJENJSKI SLOG Cesta solinarjev 1, LUCIJA 040\/293-590 Zdravnik: Zvezdana Rostan dr.med. Ambulanta trenutno ne dela, predvidoma do 2.11.2025 PON TOR SRE \u010cET PET SOB NED 15:00 07:00 &#8211; &#8211; &#8211; &#8211; &#8211; 20:00 13:00 &#8211; &#8211; &#8211; &#8211; &#8211; Odmor za malico \/ Pausa pranzo: Dopoldan \/ Mattina&#8230;<\/p>\n","protected":false},"author":1,"featured_media":0,"parent":988371,"menu_order":0,"comment_status":"closed","ping_status":"closed","template":"","meta":{"ngg_post_thumbnail":0,"footnotes":""},"class_list":["post-989821","page","type-page","status-publish"],"_links":{"self":[{"href":"https:\/\/zd-piran.si\/index.php\/wp-json\/wp\/v2\/pages\/989821","targetHints":{"allow":["GET"]}}],"collection":[{"href":"https:\/\/zd-piran.si\/index.php\/wp-json\/wp\/v2\/pages"}],"about":[{"href":"https:\/\/zd-piran.si\/index.php\/wp-json\/wp\/v2\/types\/page"}],"author":[{"embeddable":true,"href":"https:\/\/zd-piran.si\/index.php\/wp-json\/wp\/v2\/users\/1"}],"replies":[{"embeddable":true,"href":"https:\/\/zd-piran.si\/index.php\/wp-json\/wp\/v2\/comments?post=989821"}],"version-history":[{"count":11,"href":"https:\/\/zd-piran.si\/index.php\/wp-json\/wp\/v2\/pages\/989821\/revisions"}],"predecessor-version":[{"id":990689,"href":"https:\/\/zd-piran.si\/index.php\/wp-json\/wp\/v2\/pages\/989821\/revisions\/990689"}],"up":[{"embeddable":true,"href":"https:\/\/zd-piran.si\/index.php\/wp-json\/wp\/v2\/pages\/988371"}],"wp:attachment":[{"href":"https:\/\/zd-piran.si\/index.php\/wp-json\/wp\/v2\/media?parent=989821"}],"curies":[{"name":"wp","href":"https:\/\/api.w.org\/{rel}","templated":true}]}}