{"id":990305,"date":"2024-12-03T10:22:11","date_gmt":"2024-12-03T08:22:11","guid":{"rendered":"https:\/\/zd-piran.si\/?page_id=990305"},"modified":"2025-11-14T10:28:56","modified_gmt":"2025-11-14T09:28:56","slug":"izjava-o-dostopnosti","status":"publish","type":"page","link":"https:\/\/zd-piran.si\/index.php\/izjava-o-dostopnosti\/","title":{"rendered":"Izjava o dostopnosti"},"content":{"rendered":"<p><strong>Izjava o dostopnosti<\/strong><\/p>\n<p>Ta izjava o dostopnosti se nana\u0161a na spletno mesto Zdravstvenega doma Piran &#8211; Pirano, dostopno na spletnem naslovu <a href=\"https:\/\/www.zd-piran.si\/\">https:\/\/www.zd-piran.si\/<\/a>.<\/p>\n<p>Zdravstveni dom Piran &#8211; Pirano si prizadeva zagotoviti dostopnost spletnega mesta <a href=\"https:\/\/www.zd-piran.si\/\">https:\/\/www.zd-piran.si\/<\/a> v skladu z dolo\u010dbami Zakona o dostopnosti spleti\u0161\u010d in mobilnih aplikacij (Uradni list RS, \u0161t. 30\/18).<\/p>\n<p>Z vklju\u010devanjem in zagotavljanjem dostopnosti \u017eelimo omogo\u010diti vsem uporabnikom enake mo\u017enosti za uporabo spleta in razvoj. Klju\u010dno je, da vsakemu uporabniku omogo\u010dimo zaznavanje, razumevanje, navigacijo in interakcijo s spletnimi vsebinami.<\/p>\n<h3>Stopnja skladnosti<\/h3>\n<p>Spletno mesto je delno skladno z zahtevami Zakona o dostopnosti spleti\u0161\u010d in mobilnih aplikacij, kar je posledica spodaj navedenih izjem.<\/p>\n<h3>Nedostopna vsebina<\/h3>\n<p>Dostopnost spletnega mesta stalno spremljamo in si prizadevamo za postopne izbolj\u0161ave dostopnosti. Trenutno so v pripravi nove spletne strani, izdelane v skladu s standardom WCAG 2.0, ki ustreza SIST EN 301 549 V3.2.1. Zahteve tega standarda omogo\u010dajo uporabo spleti\u0161\u010da tudi osebam z razli\u010dnimi vrstami oviranosti.<\/p>\n<p>Kljub temu nekaj vsebin na spleti\u0161\u010du trenutno ne izpolnjuje vseh predpisanih zahtev:<\/p>\n<ul>\n<li>dokumenti v obliki PDF,<\/li>\n<li>kompleksne tabele z obse\u017enimi podatki,<\/li>\n<li>vsebine v formatih, ki zahtevajo uporabo specifi\u010dnih aplikacij.<\/li>\n<li>indikator fokusa tipkovnice ni viden na spustnih seznamih na spodnjem delu doma\u010de strani. Vidnost fokusa bomo uredili do marca 2026.<\/li>\n<\/ul>\n<p>Obvestila o morebitnih primerih neskladnosti, pro\u0161nje za informacije ali za dostop do vsebin, ki ne spadajo pod podro\u010dje uporabe direktive, lahko po\u0161ljete na e-naslov <strong><a href=\"mailto:info@zd-piran.si\">info@zd-piran.si<\/a><\/strong>. Na va\u0161e sporo\u010dilo bomo odgovorili v osmih dneh. \u010ce zaradi zahtevnosti ne bomo mogli pravo\u010dasno pripraviti ustreznega odgovora, vas bomo obvestili o predvidenem roku in razlogih za zamudo.<\/p>\n<h3>Izvr\u0161ilni postopek<\/h3>\n<p>\u010ce zaznate neskladnost s pravili Zakona o dostopnosti spleti\u0161\u010d in mobilnih aplikacij, lahko prijavo posredujete in\u0161pektoratu za informacijsko dru\u017ebo. Prijavo lahko oddate prek obi\u010dajne ali elektronske po\u0161te na naslov <strong><a href=\"mailto:gp.irsid@gov.si\">gp.irsid@gov.si<\/a><\/strong>.<\/p>\n<p>Nadzor nad izvajanjem dolo\u010db Zakona o dostopnosti spleti\u0161\u010d in mobilnih aplikacij, opredeljenih v 5.\u20138. \u010dlenu, opravljajo in\u0161pektorji za informacijsko dru\u017ebo.<\/p>\n<p class=\"stop-animations\">Ministrstvo za digitalno preobrazbo<\/p>\n<p class=\"stop-animations\"><a class=\"stop-animations\" href=\"https:\/\/www.gov.si\/drzavni-organi\/organi-v-sestavi\/inspektorat-za-informacijsko-druzbo\/\" target=\"_blank\" rel=\"nofollow noopener\">In\u0161pektorat Republike Slovenije za informacijsko dru\u017ebo<\/a><br class=\"stop-animations\">Dav\u010dna ulica 1<br class=\"stop-animations\">1000 Ljubljana<br class=\"stop-animations\"><a class=\"stop-animations\" href=\"tel:+38615555848\">+386 1 555 58 48<br class=\"stop-animations\"><\/a><a class=\"stop-animations\" href=\"mailto:gp.irsid@gov.si\">gp.irsid@gov.si<\/a><\/p>\n<p class=\"stop-animations\"><strong class=\"stop-animations\">Priprava izjave o dostopnosti<\/strong>&nbsp;<\/p>\n<p class=\"stop-animations\">Izjava je bila pripravljena 02. 12. 2024 na podlagi samoocene.<\/p>\n","protected":false},"excerpt":{"rendered":"<p>Izjava o dostopnosti Ta izjava o dostopnosti se nana\u0161a na spletno mesto Zdravstvenega doma Piran &#8211; Pirano, dostopno na spletnem naslovu https:\/\/www.zd-piran.si\/. Zdravstveni dom Piran &#8211; Pirano si prizadeva zagotoviti dostopnost spletnega mesta https:\/\/www.zd-piran.si\/ v skladu z dolo\u010dbami Zakona o dostopnosti spleti\u0161\u010d in mobilnih aplikacij (Uradni list RS, \u0161t. 30\/18). Z vklju\u010devanjem in zagotavljanjem dostopnosti&#8230;<\/p>\n","protected":false},"author":1,"featured_media":0,"parent":0,"menu_order":0,"comment_status":"closed","ping_status":"closed","template":"","meta":{"ngg_post_thumbnail":0,"footnotes":""},"class_list":["post-990305","page","type-page","status-publish"],"_links":{"self":[{"href":"https:\/\/zd-piran.si\/index.php\/wp-json\/wp\/v2\/pages\/990305","targetHints":{"allow":["GET"]}}],"collection":[{"href":"https:\/\/zd-piran.si\/index.php\/wp-json\/wp\/v2\/pages"}],"about":[{"href":"https:\/\/zd-piran.si\/index.php\/wp-json\/wp\/v2\/types\/page"}],"author":[{"embeddable":true,"href":"https:\/\/zd-piran.si\/index.php\/wp-json\/wp\/v2\/users\/1"}],"replies":[{"embeddable":true,"href":"https:\/\/zd-piran.si\/index.php\/wp-json\/wp\/v2\/comments?post=990305"}],"version-history":[{"count":2,"href":"https:\/\/zd-piran.si\/index.php\/wp-json\/wp\/v2\/pages\/990305\/revisions"}],"predecessor-version":[{"id":990743,"href":"https:\/\/zd-piran.si\/index.php\/wp-json\/wp\/v2\/pages\/990305\/revisions\/990743"}],"wp:attachment":[{"href":"https:\/\/zd-piran.si\/index.php\/wp-json\/wp\/v2\/media?parent=990305"}],"curies":[{"name":"wp","href":"https:\/\/api.w.org\/{rel}","templated":true}]}}