{"id":990561,"date":"2025-06-18T11:51:43","date_gmt":"2025-06-18T10:51:43","guid":{"rendered":"https:\/\/zd-piran.si\/?page_id=990561"},"modified":"2025-06-18T11:51:43","modified_gmt":"2025-06-18T10:51:43","slug":"poletna-nmp-ambulanta","status":"publish","type":"page","link":"https:\/\/zd-piran.si\/index.php\/poletna-nmp-ambulanta\/","title":{"rendered":"Poletna NMP ambulanta"},"content":{"rendered":"<div class=\"row \"><div class=\"wpv-grid grid-1-4  wpv-first-level first unextended\" style=\"padding-top:0px;padding-bottom:0px\" id=\"wpv-column-dd144d5e89a6a07ea0d8f62b5f29f3ca\" ><table style=\"background: #F7CAAC; padding: 5px;\" width=\"529\">\n<tbody>\n<tr>\n<td style=\"text-align: center;\" width=\"262\"><strong>Zdravstveni dom Piran<br \/>\n<\/strong><strong>Cesta solinarjev 1, LUCIJA<\/strong><\/td>\n<\/tr>\n<tr>\n<td style=\"text-align: center;\" width=\"262\"><strong>TURISTI\u010cNA AMBULANTA<br \/>\n<\/strong><strong>Tel. \u0161t: 05\/6207 234<\/strong><\/td>\n<\/tr>\n<tr>\n<td width=\"262\"><strong>URNIK<br \/>\n<\/strong><strong>Do 30.6.2025<br \/>\n<\/strong>Vsak ponedeljek od 12:30 do 15:00, od torka do petka od 12:00 do 14:30.&nbsp;<\/p>\n<p><strong>Od 1.7 do 30.9.2005<br \/>\n<\/strong>Od ponedeljka do petka od 8:00 do 14:30<\/p>\n<p><strong>Od 1.10.2025<br \/>\n<\/strong>Vsak ponedeljek od 12:30 do 15:00, od torka do petka od 12:00 do 14:30.<\/p>\n<p><strong>Pediater za otroke in mladino:<br \/>\n<\/strong>Vsak delavnik: 7:00 \u2013 12:00<br \/>\nSobota, nedelja in prazniki od 08:00 do 18:00 v Splo\u0161ni bolni\u0161nici Izola<\/p>\n<p><strong>NUJNA MEDICINSKA POMO\u010c<\/strong><\/p>\n<p>Od 14.6 do 19.6.2025 vsak dan od 7:00 do 22:00.<br \/>\nPono\u010di od 22.00 do 7.00 ure v Urgentnem Centru&nbsp; Splo\u0161ne bolni\u0161nice Izola, tel.\u0161t. 05\/66 06 620.<\/td>\n<\/tr>\n<\/tbody>\n<\/table><\/div>\n<div class=\"wpv-grid grid-1-4  wpv-first-level unextended\" style=\"padding-top:0px;padding-bottom:0px\" id=\"wpv-column-66dcf475d44ea07d3e61e06025494c34\" ><table style=\"background: #DEEAF6;\" width=\"529\">\n<tbody>\n<tr>\n<td style=\"text-align: center;\" width=\"261\"><strong>Casa della salute di Pirano<br \/>\n<\/strong><strong>Strada dei salinai 1, LUCIJA<\/strong><\/td>\n<\/tr>\n<tr>\n<td style=\"text-align: center;\" width=\"261\"><strong>AMBULATORIO <\/strong><strong>TURISTICO<br \/>\n<\/strong><strong>Tel: 00386\/5\/6207 234<\/strong><\/td>\n<\/tr>\n<tr>\n<td width=\"261\"><strong>ORARIO<\/strong><\/p>\n<p><strong>Fino al 30.6.2025<br \/>\n<\/strong>Ogni luned\u00ec dalle 12:30 alle 15:00, da martedi a venerd\u00ec dalle 12:00 alle 14:30.<\/p>\n<p><strong>Dal 1.7 al 30.9.2005<br \/>\n<\/strong>Da luned\u00ec a venerd\u00ec dalle 8:00 alle 14:30<\/p>\n<p><strong>&nbsp;D<\/strong><strong>al 1.10<br \/>\n<\/strong><span style=\"font-family: inherit; font-size: inherit;\">Ogni luned\u00ec dalle 12:30 alle 15:00, da martedi a venerd\u00ec dalle 12:00 alle 14:30.<\/span><\/p>\n<p>&nbsp;<\/p>\n<p><strong>Pediatra per i bambini:<br \/>\n<\/strong>Tutti i giorni lavorativi dalle 8:00 &#8211; 12:00<br \/>\nsabato domenica e giorni festivi dalle 8:00 alle 18:00 al Ospedale generico di Isola<\/p>\n<p><strong>MEDICINA GENERICA URGENTE<\/strong><\/p>\n<p>Dall 14.6 all 19.9.2025 tutti i giorni dalle 7:00 alle 22:00<\/p>\n<p>Di notte dalle 22.00 alle 7.00 Al Ospedale Generale di Isola, Tel. 05\/66 06 620.<\/td>\n<\/tr>\n<\/tbody>\n<\/table><\/div>\n<div class=\"wpv-grid grid-1-4  wpv-first-level unextended\" style=\"padding-top:0px;padding-bottom:0px\" id=\"wpv-column-fe445bdeaae18c3d7d0d62540752f60d\" ><table style=\"background: #D5DCE4;\" width=\"529\">\n<tbody>\n<tr>\n<td width=\"261\">\n<p style=\"text-align: center;\"><strong>Piran Health Centre<br \/>\n<\/strong><strong>Cesta solinarjev 1, LUCIJA<br \/>\n<\/strong><\/p>\n<\/td>\n<\/tr>\n<tr>\n<td width=\"253\">\n<p style=\"text-align: center; font-size: 14px;\"><strong>SUMMER OUT-PATIENT DEPARTMENT<br \/>\n<\/strong><strong>Tel. 00386\/5\/6207 234<\/strong><\/p>\n<\/td>\n<\/tr>\n<tr>\n<td width=\"253\"><strong>OPENING HOURS<\/strong><\/p>\n<p><strong>Till 30.6.2025<\/strong><\/p>\n<p>Every Monday from 12:30 to 15:00, from Tuesday to Friday from 12:00 to 14:30.<\/p>\n<p><strong>&nbsp;<\/strong><strong>From 1.7 to 30.9.2005<\/strong><br \/>\nFrom Monday to Friday from 8:00 to 14:30<\/p>\n<p><strong>From 1.10<br \/>\n<\/strong>Every Monday from 12:30 to 15:00, from Tuesday to Friday from 12:00 to 14:30.<\/p>\n<p><strong>Pediatric<\/strong><\/p>\n<p>working days: from 7.00&nbsp; to 12.00<br \/>\nSaturday, Sunday and holidays from 8:00 a.m. to 6:00p.m at General hospital of Izola<\/p>\n<p><strong>GENERAL PRACTICE EMERGENCY<br \/>\n<\/strong>From 14.6 to 19.9.2025 daily from 7:00 to 22:00.<\/p>\n<p>At night from 22:00 to 07:00 at the Emergency Centre of Izola General Hospital, tel. 05\/66 06 620.<\/td>\n<\/tr>\n<\/tbody>\n<\/table><\/div>\n<div class=\"wpv-grid grid-1-4  wpv-first-level unextended\" style=\"padding-top:0px;padding-bottom:0px\" id=\"wpv-column-a3e056339a34145b193466a51393a8c7\" ><table style=\"background: #E2EFD9;\" width=\"501\">\n<tbody>\n<tr>\n<td style=\"text-align: center;\" width=\"242\"><strong>Gesundheitszentrum von Piran<br \/>\n<\/strong><strong>Cesta solinarjev 1, LUCIJA<\/strong><\/td>\n<\/tr>\n<tr>\n<td style=\"text-align: center;\" width=\"242\"><strong>SOMMER AMBULANZ <\/strong><strong>LUCIJA<br \/>\n<\/strong><strong>Tel. 00386\/5\/6207 234<\/strong><\/td>\n<\/tr>\n<tr>\n<td width=\"242\"><strong>DIENSTPLAN<\/strong><\/p>\n<p><strong>Bis 30.6.2025<br \/>\n<\/strong>Jeden Montag von 12:30 bis 15:00 Uhr, Dienstag bis Freitag von 12:00 bis 14:30 Uhr.<\/p>\n<p><strong>Vom 1.7. bis 30.9.2025<br \/>\n<\/strong>Montag bis Freitag von 8:00 bis 14:30 Uhr.<\/p>\n<p><strong>Vom 1.10.<br \/>\n<\/strong>Jeden Montag von 12:30 bis 15:00 Uhr, Dienstag bis Freitag von 12:00 bis 14:30 Uhr.<\/p>\n<p><strong>P\u00e4diater (Kinderarzt):<\/strong><\/p>\n<p>Montag bis Freitag: 7.00-12.00<\/p>\n<p>Samstag, Sonntag und urlaud von 8:00 bis 18:00 in einem allgemeinen Krankenhaus Izola<\/p>\n<p><strong>NOTFALLDIENST IN DER AMBULANZ<br \/>\n<\/strong>Vom 14.6. bis 19.9.2025 t\u00e4glich von 7:00 bis 22:00 Uhr.<br \/>\nNachts von 22:00 bis 07:00 Uhr im Notfallzentrum des Allgemeinen Krankenhauses von Izola, Tel. 05\/66 06 620.<\/td>\n<\/tr>\n<\/tbody>\n<\/table><\/div><\/div>\n","protected":false},"excerpt":{"rendered":"<p>Zdravstveni dom Piran Cesta solinarjev 1, LUCIJA TURISTI\u010cNA AMBULANTA Tel. \u0161t: 05\/6207 234 URNIK Do 30.6.2025 Vsak ponedeljek od 12:30 do 15:00, od torka do petka od 12:00 do 14:30.&nbsp; Od 1.7 do 30.9.2005 Od ponedeljka do petka od 8:00 do 14:30 Od 1.10.2025 Vsak ponedeljek od 12:30 do 15:00, od torka do petka od&#8230;<\/p>\n","protected":false},"author":1,"featured_media":0,"parent":0,"menu_order":0,"comment_status":"closed","ping_status":"closed","template":"","meta":{"ngg_post_thumbnail":0,"footnotes":""},"class_list":["post-990561","page","type-page","status-publish"],"_links":{"self":[{"href":"https:\/\/zd-piran.si\/index.php\/wp-json\/wp\/v2\/pages\/990561","targetHints":{"allow":["GET"]}}],"collection":[{"href":"https:\/\/zd-piran.si\/index.php\/wp-json\/wp\/v2\/pages"}],"about":[{"href":"https:\/\/zd-piran.si\/index.php\/wp-json\/wp\/v2\/types\/page"}],"author":[{"embeddable":true,"href":"https:\/\/zd-piran.si\/index.php\/wp-json\/wp\/v2\/users\/1"}],"replies":[{"embeddable":true,"href":"https:\/\/zd-piran.si\/index.php\/wp-json\/wp\/v2\/comments?post=990561"}],"version-history":[{"count":22,"href":"https:\/\/zd-piran.si\/index.php\/wp-json\/wp\/v2\/pages\/990561\/revisions"}],"predecessor-version":[{"id":990583,"href":"https:\/\/zd-piran.si\/index.php\/wp-json\/wp\/v2\/pages\/990561\/revisions\/990583"}],"wp:attachment":[{"href":"https:\/\/zd-piran.si\/index.php\/wp-json\/wp\/v2\/media?parent=990561"}],"curies":[{"name":"wp","href":"https:\/\/api.w.org\/{rel}","templated":true}]}}