{"id":990800,"date":"2026-01-12T14:03:53","date_gmt":"2026-01-12T13:03:53","guid":{"rendered":"https:\/\/zd-piran.si\/?page_id=990800"},"modified":"2026-02-09T12:37:12","modified_gmt":"2026-02-09T11:37:12","slug":"dolgotrajna-oskrba-na-domu","status":"publish","type":"page","link":"https:\/\/zd-piran.si\/index.php\/dolgotrajna-oskrba-na-domu\/","title":{"rendered":"DOLGOTRAJNA OSKRBA NA DOMU"},"content":{"rendered":"<p><strong>Dolgotrajna oskrba na domu<\/strong><\/p>\n<p><strong><em>Dolgotrajna oskrba na domu<\/em><\/strong><em>&nbsp;je namenjena posameznikom, ki zaradi starosti, kroni\u010dne bolezni, po\u0161kodbe ali upada kognitivnih sposobnosti potrebujejo pomo\u010d pri vsakodnevnih opravilih in osnovni zdravstveni oskrbi. Storitev omogo\u010da, da uporabniki ostanejo v doma\u010dem okolju, kjer jim strokovno usposobljeno osebje nudi podporo in pomo\u010d, prilagojeno njihovim potrebam.<\/em><\/p>\n<p><strong><em>Postopek za pridobitev pravic do dolgotrajne oskrbe:<\/em><\/strong><\/p>\n<ol>\n<li><em>Vstopna to\u010dka Centra za socialno delo (CSD) Ju\u017ene Primorske v Kopru sprejema vloge in preverja izpolnjevanje pogojev ter&nbsp;nudi informacije o pravicah.<\/em><\/li>\n<li><em>Sledi obisk svetovalca za dolgotrajno oskrbo, ki opravi pogovor z vlagateljem.<\/em><\/li>\n<li><em>Vstopna to\u010dka opravi oceno upravi\u010denosti in izda odlo\u010dbo.<\/em><\/li>\n<li><em>Po prejemu odlo\u010dbe upravi\u010denec vzpostavi stik s koordinatorjem dolgotrajne oskrbe v svoji ob\u010dini, ki izdela osebni na\u010drt izvajanja storitve.<\/em><\/li>\n<\/ol>\n<p><strong><em>Kontakt za dolgotrajno oskrbo na domu v Ob\u010dini Piran:<\/em><\/strong><\/p>\n<p><strong><em>Cvetka Lorger Reki\u0107, dipl.m.s.<br \/>\n<\/em><\/strong><em>Tel. \u0161t.:&nbsp;<\/em><strong><em>041 760 474<br \/>\n<\/em><\/strong><em>E &#8211; po\u0161ta:&nbsp;<\/em><strong><em><a href=\"mailto:koordinator.do@zd-piran.si\">koordinator.do@zd-piran.si<\/a><br \/>\n<\/em><\/strong><em><br \/>\nVe\u010d o dolgotrajni oskrbi na domu v ob\u010dini Piran si lahko <a href=\"http:\/\/zd-piran.si\/wp-content\/uploads\/2026\/01\/Letak-dolgotrajna-oskrba-Piran.pdf\">preberete v letaku<\/a><\/em><br \/>\n<em>Za vse informacije oziroma morebitne nejasnosti o dolgotrajni oskrbi pa vam je na voljo tudi dr\u017eavni klicni center na telefonski \u0161tevilki&nbsp;<\/em><strong><em>114<\/em><\/strong><em>, vsak delovni dan med 8:00 in 16:00 uro.<\/em><\/p>\n<p><strong><em><a href=\"https:\/\/www.gov.si\/drzavni-organi\/vlada\/klicni-center-114\/\">Klicni center 114 | GOV.SI<\/a>.<\/em><\/strong><\/p>\n","protected":false},"excerpt":{"rendered":"<p>Dolgotrajna oskrba na domu Dolgotrajna oskrba na domu&nbsp;je namenjena posameznikom, ki zaradi starosti, kroni\u010dne bolezni, po\u0161kodbe ali upada kognitivnih sposobnosti potrebujejo pomo\u010d pri vsakodnevnih opravilih in osnovni zdravstveni oskrbi. Storitev omogo\u010da, da uporabniki ostanejo v doma\u010dem okolju, kjer jim strokovno usposobljeno osebje nudi podporo in pomo\u010d, prilagojeno njihovim potrebam. Postopek za pridobitev pravic do dolgotrajne&#8230;<\/p>\n","protected":false},"author":1,"featured_media":0,"parent":0,"menu_order":0,"comment_status":"closed","ping_status":"closed","template":"","meta":{"ngg_post_thumbnail":0,"footnotes":""},"class_list":["post-990800","page","type-page","status-publish"],"_links":{"self":[{"href":"https:\/\/zd-piran.si\/index.php\/wp-json\/wp\/v2\/pages\/990800","targetHints":{"allow":["GET"]}}],"collection":[{"href":"https:\/\/zd-piran.si\/index.php\/wp-json\/wp\/v2\/pages"}],"about":[{"href":"https:\/\/zd-piran.si\/index.php\/wp-json\/wp\/v2\/types\/page"}],"author":[{"embeddable":true,"href":"https:\/\/zd-piran.si\/index.php\/wp-json\/wp\/v2\/users\/1"}],"replies":[{"embeddable":true,"href":"https:\/\/zd-piran.si\/index.php\/wp-json\/wp\/v2\/comments?post=990800"}],"version-history":[{"count":4,"href":"https:\/\/zd-piran.si\/index.php\/wp-json\/wp\/v2\/pages\/990800\/revisions"}],"predecessor-version":[{"id":990845,"href":"https:\/\/zd-piran.si\/index.php\/wp-json\/wp\/v2\/pages\/990800\/revisions\/990845"}],"wp:attachment":[{"href":"https:\/\/zd-piran.si\/index.php\/wp-json\/wp\/v2\/media?parent=990800"}],"curies":[{"name":"wp","href":"https:\/\/api.w.org\/{rel}","templated":true}]}}